{"id":552,"date":"2026-02-19T19:10:36","date_gmt":"2026-02-19T19:10:36","guid":{"rendered":"https:\/\/www.curareildolore.org\/farmacia\/?post_type=product&#038;p=552"},"modified":"2026-02-27T09:33:07","modified_gmt":"2026-02-27T09:33:07","slug":"norvasc","status":"publish","type":"product","link":"https:\/\/www.curareildolore.org\/farmacia\/norvasc\/","title":{"rendered":"Norvasc"},"content":{"rendered":"<h2>Un Esame Accademico di Norvasc e il suo ruolo nella salute<\/h2>\n<h2>Vantaggi Terapeutici<\/h2>\n<p>Una dettagliata esplorazione del modo in cui Norvasc migliora la salute e contribuisce a uno stato di benessere migliorato.<\/p>\n<h2>Mecanismo d&#8217;Azione<\/h2>\n<p>Una spiegazione approfondita dei principi scientifici e dei meccanismi attraverso i quali Norvasc esercita i suoi effetti terapeutici.<\/p>\n<h2>Dosaggio e Posologia<\/h2>\n<p>Chiare ed esatte istruzioni per l&#8217;uso, personalizzate alle esigenze dell&#8217;utente.<\/p>\n<h2>Protocolli di Sicurezza e Potenziali Reazioni Avverse<\/h2>\n<p>Informazioni importanti riguardo ai rischi e alle precauzioni necessarie per garantire un uso sicuro.<\/p>\n<h2>Conclusioni<\/h2>\n<p>Un riassunto completo che evidenzia l&#8217;indispensabilit\u00e0 per gli individui che cercano i suoi specifici benefici per la salute.<\/p>\n","protected":false},"excerpt":{"rendered":"<p>Norvasc \u00e8 un farmaco venduto commercialmente con il nome di Norvasc e il suo appellativo chimico \u00e8 amlodipina besilato. Questo medicinale \u00e8 utilizzato per trattare l&#8217;ipertensione (pressione alta) e l&#8217;angina (dolore al petto). <\/p>\n<h2>Prezzo di Norvasc<\/h2>\n<p>In genere, la Norvasc ha un prezzo che va da 0.29\u20ac fino a 1.03\u20ac per pillole. La variazione del prezzo dipende dal volume della confezione e dalla concentrazione di entit\u00e0 attive (30 o 360 mg).<\/p>\n","protected":false},"featured_media":582,"template":"","meta":{"site-sidebar-layout":"default","site-content-layout":"","ast-site-content-layout":"default","site-content-style":"default","site-sidebar-style":"default","ast-global-header-display":"","ast-banner-title-visibility":"","ast-main-header-display":"","ast-hfb-above-header-display":"","ast-hfb-below-header-display":"","ast-hfb-mobile-header-display":"","site-post-title":"","ast-breadcrumbs-content":"","ast-featured-img":"","footer-sml-layout":"","ast-disable-related-posts":"","theme-transparent-header-meta":"","adv-header-id-meta":"","stick-header-meta":"","header-above-stick-meta":"","header-main-stick-meta":"","header-below-stick-meta":"","astra-migrate-meta-layouts":"default","ast-page-background-enabled":"default","ast-page-background-meta":{"desktop":{"background-color":"var(--ast-global-color-4)","background-image":"","background-repeat":"repeat","background-position":"center center","background-size":"auto","background-attachment":"scroll","background-type":"","background-media":"","overlay-type":"","overlay-color":"","overlay-opacity":"","overlay-gradient":""},"tablet":{"background-color":"","background-image":"","background-repeat":"repeat","background-position":"center center","background-size":"auto","background-attachment":"scroll","background-type":"","background-media":"","overlay-type":"","overlay-color":"","overlay-opacity":"","overlay-gradient":""},"mobile":{"background-color":"","background-image":"","background-repeat":"repeat","background-position":"center center","background-size":"auto","background-attachment":"scroll","background-type":"","background-media":"","overlay-type":"","overlay-color":"","overlay-opacity":"","overlay-gradient":""}},"ast-content-background-meta":{"desktop":{"background-color":"var(--ast-global-color-5)","background-image":"","background-repeat":"repeat","background-position":"center center","background-size":"auto","background-attachment":"scroll","background-type":"","background-media":"","overlay-type":"","overlay-color":"","overlay-opacity":"","overlay-gradient":""},"tablet":{"background-color":"var(--ast-global-color-5)","background-image":"","background-repeat":"repeat","background-position":"center center","background-size":"auto","background-attachment":"scroll","background-type":"","background-media":"","overlay-type":"","overlay-color":"","overlay-opacity":"","overlay-gradient":""},"mobile":{"background-color":"var(--ast-global-color-5)","background-image":"","background-repeat":"repeat","background-position":"center center","background-size":"auto","background-attachment":"scroll","background-type":"","background-media":"","overlay-type":"","overlay-color":"","overlay-opacity":"","overlay-gradient":""}}},"product_brand":[],"product_cat":[397],"product_tag":[],"class_list":{"0":"post-552","1":"product","2":"type-product","3":"status-publish","4":"has-post-thumbnail","6":"product_cat-pressione-sanguigna","7":"pa_principio-attivo-amlodipine","8":"desktop-align-left","9":"tablet-align-left","10":"mobile-align-left","12":"first","13":"instock","14":"shipping-taxable","15":"product-type-external"},"_links":{"self":[{"href":"https:\/\/www.curareildolore.org\/farmacia\/wp-json\/wp\/v2\/product\/552","targetHints":{"allow":["GET"]}}],"collection":[{"href":"https:\/\/www.curareildolore.org\/farmacia\/wp-json\/wp\/v2\/product"}],"about":[{"href":"https:\/\/www.curareildolore.org\/farmacia\/wp-json\/wp\/v2\/types\/product"}],"wp:featuredmedia":[{"embeddable":true,"href":"https:\/\/www.curareildolore.org\/farmacia\/wp-json\/wp\/v2\/media\/582"}],"wp:attachment":[{"href":"https:\/\/www.curareildolore.org\/farmacia\/wp-json\/wp\/v2\/media?parent=552"}],"wp:term":[{"taxonomy":"product_brand","embeddable":true,"href":"https:\/\/www.curareildolore.org\/farmacia\/wp-json\/wp\/v2\/product_brand?post=552"},{"taxonomy":"product_cat","embeddable":true,"href":"https:\/\/www.curareildolore.org\/farmacia\/wp-json\/wp\/v2\/product_cat?post=552"},{"taxonomy":"product_tag","embeddable":true,"href":"https:\/\/www.curareildolore.org\/farmacia\/wp-json\/wp\/v2\/product_tag?post=552"}],"curies":[{"name":"wp","href":"https:\/\/api.w.org\/{rel}","templated":true}]}}